7, 138899
List the prime factors of 65497626.
2, 3, 1212919
List the prime factors of 147176224.
2, 13, 41, 8629
What are the prime factors of 519551188?
2, 13, 37, 270037
What are the prime factors of 1606557306?
2, 3, 53, 977, 5171
What are the prime factors of 663679109?
3371, 196879
What are the prime factors of 3560387074?
2, 23, 389, 198971
What are the prime factors of 56271081?
3, 18757027
List the prime factors of 131706167.
4933, 26699
What are the prime factors of 1325199221?
32443, 40847
What are the prime factors of 527295591?
3, 58588399
What are the prime factors of 177824537?
11, 16165867
What are the prime factors of 25259557?
173, 146009
What are the prime factors of 1845107585?
5, 1693, 217969
List the prime factors of 147754378.
2, 17, 1627, 2671
What are the prime factors of 1547104096?
2, 48347003
What are the prime factors of 418117395?
3, 5, 27874493
List the prime factors of 5099710189.
7, 728530027
What are the prime factors of 66611632?
2, 71, 191, 307
What are the prime factors of 627639083?
29, 21642727
List the prime factors of 48280557.
3, 13, 1237963
What are the prime factors of 412315920?
2, 3, 5, 63629
What are the prime factors of 1969971544?
2, 246246443
What are the prime factors of 97124227?
1567, 61981
What are the prime factors of 105373888?
2, 17, 96851
List the prime factors of 201208994.
2, 7, 1193, 1721
What are the prime factors of 3215477900?
2, 5, 2861, 11239
What are the prime factors of 718485119?
11, 53, 1232393
List the prime factors of 1240638820.
2, 5, 19, 3264839
List the prime factors of 1322827629.
3, 31, 14223953
What are the prime factors of 137094707?
43, 3188249
What are the prime factors of 646994106?
2, 3, 11, 3267647
List the prime factors of 15048104.
2, 109, 17257
What are the prime factors of 84240295?
5, 2777, 6067
List the prime factors of 63657517.
7, 11, 89, 1327
List the prime factors of 3833938263.
3, 4721, 270701
What are the prime factors of 47324466?
2, 3, 7, 125197
What are the prime factors of 208874352?
2, 3, 1451, 2999
List the prime factors of 655157404.
2, 11, 701, 1931
List the prime factors of 90593726.
2, 45296863
List the prime factors of 3348845195.
5, 23, 29120393
What are the prime factors of 2005095952?
2, 47, 89, 29959
List the prime factors of 805107597.
3, 7, 977, 39241
What are the prime factors of 109510586?
2, 54755293
List the prime factors of 18924027.
3, 233, 27073
What are the prime factors of 2687026151?
19, 10301, 13729
What are the prime factors of 13473019?
7, 293, 6569
List the prime factors of 1317187534.
2, 13, 50661059
What are the prime factors of 14865973?
17, 733, 1193
What are the prime factors of 158249027?
29, 5456863
List the prime factors of 140899667.
397, 354911
List the prime factors of 799330570.
2, 5, 19, 4207003
List the prime factors of 68917862.
2, 13, 29, 79, 89
What are the prime factors of 4487989003?
4487989003
What are the prime factors of 31742880?
2, 3, 5, 13, 5087
What are the prime factors of 32567175?
3, 5, 53, 2731
What are the prime factors of 47228313?
3, 11, 1431161
What are the prime factors of 138052493?
1451, 95143
What are the prime factors of 188022605?
5, 2657, 14153
List the prime factors of 36293136.
2, 3, 11, 68737
What are the prime factors of 68256391?
7, 509, 19157
List the prime factors of 2774743691.
31, 89507861
What are the prime factors of 4864237587?
3, 11, 67, 733339
List the prime factors of 3138127145.
5, 627625429
List the prime factors of 2532056914.
2, 337, 1181, 3181
What are the prime factors of 884275868?
2, 7, 31, 337, 3023
What are the prime factors of 43145771?
79, 546149
List the prime factors of 345477691.
13, 53, 501419
What are the prime factors of 431204599?
7, 61600657
What are the prime factors of 36682948?
2, 9170737
List the prime factors of 72459697.
72459697
What are the prime factors of 31351750?
2, 5, 125407
List the prime factors of 105596124.
2, 3, 61, 181, 797
What are the prime factors of 117692507?
509, 231223
What are the prime factors of 125511594?
2, 3, 13, 29, 55487
What are the prime factors of 130710424?
2, 13, 19, 29, 2281
What are the prime factors of 190372343?
7, 19, 53, 113, 239
What are the prime factors of 50924299?
17, 199, 15053
What are the prime factors of 176231959?
1307, 134837
What are the prime factors of 431173935?
3, 5, 19, 137, 409
What are the prime factors of 151805330?
2, 5, 113, 134341
List the prime factors of 1269854651.
13, 97681127
What are the prime factors of 5141804438?
2, 2570902219
What are the prime factors of 126451005?
3, 5, 8430067
List the prime factors of 264845926.
2, 37, 59, 60661
List the prime factors of 637560457.
637560457
What are the prime factors of 380530?
2, 5, 38053
List the prime factors of 78022757.
151, 487, 1061
What are the prime factors of 162644670?
2, 3, 5, 71, 25453
List the prime factors of 85661051.
7, 2591, 4723
What are the prime factors of 1561060437?
3, 1223, 425473
List the prime factors of 797415783.
3, 265805261
What are the prime factors of 3041175425?
5, 103, 1181039
List the prime factors of 41571424.
2, 37, 35111
What are the prime factors of 805257809?
805257809
List the prime factors of 528942302.
2, 7, 107, 353099
List the prime factors of 158502266.
2, 13, 6096241
List the prime factors of 342737456.
2, 21421091
What are the prime factors of 111142756?
2, 353, 78713
List the prime factors of 68277009.
3, 22759003
What are the prime factors of 1258965997?
43, 29278279
List the prime factors of 159632454.
2, 3, 31, 858239
What are the prime factors of 186546376?
2, 23, 1013839
List the prime factors of 6267573841.
179, 293, 119503
List the prime factors of 1541594463.
3, 513864821
List the prime factors of 616337083.
37, 16657759
List the prime factors of 1404664547.
11, 13, 19, 516991
What are the prime factors of 284860148?
2, 67, 1062911
What are the prime factors of 1226407109?
563, 2178343
What are the prime factors of 746669516?
2, 23, 8115973
What are the prime factors of 423475901?
421, 719, 1399
List the prime factors of 32977049.
7, 79, 1217
List the prime factors of 1610107464.
2, 3, 7, 1369139
What are the prime factors of 4888956621?
3, 1629652207
What are the prime factors of 1163432708?
2, 290858177
What are the prime factors of 1005549995?
5, 23, 8743913
What are the prime factors of 86218936?
2, 31, 223, 1559
What are the prime factors of 499602178?
2, 249801089
What are the prime factors of 3501633?
3, 1167211
List the prime factors of 3178938896.
2, 7, 31, 139, 941
List the prime factors of 70737135.
3, 5, 7, 157, 613
What are the prime factors of 2853723925?
5, 13, 8780689
List the prime factors of 389707956.
2, 3, 11, 328037
List the prime factors of 11390768.
2, 711923
List the prime factors of 581507.
373, 1559
List the prime factors of 533278021.
41, 2039, 6379
List the prime factors of 1560926358.
2, 3, 3701, 23431
What are the prime factors of 112322129?
19, 353, 16747
List the prime factors of 23870754.
2, 3, 17, 26003
List the prime factors of 3456511083.
3, 47, 787, 3461
List the prime factors of 1025969821.
59, 107, 162517
List the prime factors of 339436456.
2, 79, 127, 4229
List the prime factors of 636686730.
2, 3, 5, 87337
List the prime factors of 9780614795.
5, 7, 279446137
What are the prime factors of 36209399?
36209399
What are the prime factors of 44497974?
2, 3, 97, 101, 757
What are the prime factors of 642935313?
3, 7937473
List the prime factors of 340640706.
2, 3, 7, 107, 229, 331
List the prime factors of 451614058.
2, 7, 139, 232073
List the prime factors of 243449122.
2, 7, 37, 469979
What are the prime factors of 68976225?
3, 5, 17, 6011
List the prime factors of 210227677.
11, 337, 56711
What are the prime factors of 7301315?
5, 7, 208609
List the prime factors of 1771029067.
89, 163, 122081
What are the prime factors of 70490094?
2, 3, 31, 97, 3907
List the prime factors of 40972671.
3, 4552519
List the prime factors of 453568743.
3, 50396527
What are the prime factors of 374164402?
2, 797, 234733
What are the prime factors of 1078055186?
2, 13, 181, 229081
What are the prime factors of 659288119?
7, 3779, 24923
What are the prime factors of 4927352442?
2, 3, 47, 53, 329677
List the prime factors of 123438745.
5, 31, 796379
List